{"id":53,"date":"2013-12-30T07:21:26","date_gmt":"2013-12-30T07:21:26","guid":{"rendered":"http:\/\/zsswierzowa.pl\/?page_id=53"},"modified":"2025-09-02T11:16:40","modified_gmt":"2025-09-02T09:16:40","slug":"pomoc-z-serduszkiem","status":"publish","type":"page","link":"https:\/\/zsswierzowa.pl\/?page_id=53","title":{"rendered":"Pomoc z serduszkiem"},"content":{"rendered":"<p>Dyrektor, nauczyciele, przedszkolaki sk\u0142adaj\u0105 serdeczne podzi\u0119kowania:<\/p>\n<p><strong>Pani A. Pa\u0142ys,<br \/>\n<\/strong><strong>Panu B. Lubas,<br \/>\n<\/strong><strong>Panu Sz. Malik,<br \/>\n<\/strong><strong>Panu P. Kozubal,<br \/>\nR. W\u00f3jtowicz,<br \/>\nPani A. Celej,<\/strong><\/p>\n","protected":false},"excerpt":{"rendered":"<p>Dyrektor, nauczyciele, przedszkolaki sk\u0142adaj\u0105 serdeczne podzi\u0119kowania: Pani A. Pa\u0142ys, Panu B. Lubas, Panu Sz. Malik, Panu P. Kozubal, R. W\u00f3jtowicz, Pani A. Celej,<\/p>\n","protected":false},"author":7,"featured_media":0,"parent":0,"menu_order":0,"comment_status":"open","ping_status":"open","template":"","meta":{"ngg_post_thumbnail":0,"footnotes":""},"class_list":["post-53","page","type-page","status-publish","hentry"],"_links":{"self":[{"href":"https:\/\/zsswierzowa.pl\/index.php?rest_route=\/wp\/v2\/pages\/53","targetHints":{"allow":["GET"]}}],"collection":[{"href":"https:\/\/zsswierzowa.pl\/index.php?rest_route=\/wp\/v2\/pages"}],"about":[{"href":"https:\/\/zsswierzowa.pl\/index.php?rest_route=\/wp\/v2\/types\/page"}],"author":[{"embeddable":true,"href":"https:\/\/zsswierzowa.pl\/index.php?rest_route=\/wp\/v2\/users\/7"}],"replies":[{"embeddable":true,"href":"https:\/\/zsswierzowa.pl\/index.php?rest_route=%2Fwp%2Fv2%2Fcomments&post=53"}],"version-history":[{"count":17,"href":"https:\/\/zsswierzowa.pl\/index.php?rest_route=\/wp\/v2\/pages\/53\/revisions"}],"predecessor-version":[{"id":55515,"href":"https:\/\/zsswierzowa.pl\/index.php?rest_route=\/wp\/v2\/pages\/53\/revisions\/55515"}],"wp:attachment":[{"href":"https:\/\/zsswierzowa.pl\/index.php?rest_route=%2Fwp%2Fv2%2Fmedia&parent=53"}],"curies":[{"name":"wp","href":"https:\/\/api.w.org\/{rel}","templated":true}]}}