{"id":35,"date":"2013-12-30T07:18:12","date_gmt":"2013-12-30T07:18:12","guid":{"rendered":"http:\/\/zsswierzowa.pl\/?page_id=35"},"modified":"2025-09-26T14:36:00","modified_gmt":"2025-09-26T12:36:00","slug":"rada-rodzicow","status":"publish","type":"page","link":"https:\/\/zsswierzowa.pl\/?page_id=35","title":{"rendered":"Rada rodzic\u00f3w"},"content":{"rendered":"<p style=\"text-align: left;\">przewodnicz\u0105cy: <strong>Maciej Faber<\/strong><br \/>\nz-ca przewodnicz\u0105cego: <strong>Marzena Ba\u0142aban<\/strong><br \/>\nsekretarz: <strong>Paulina Janas<\/strong><br \/>\nskarbnik: <strong>Renata \u015awi\u0119s<\/strong><\/p>\n<p style=\"text-align: left;\"><strong>Rady oddzia\u0142owe:<\/strong><\/p>\n<table style=\"height: 767px; width: 48.9589%;\" border=\"2\">\n<tbody>\n<tr style=\"height: 24px;\">\n<td style=\"width: 38.25%; text-align: center; height: 24px;\"><b>Klasa<\/b><\/td>\n<td style=\"width: 62.25%; text-align: center; height: 24px;\"><b>Imi\u0119 i Nazwisko rodzica<\/b><\/td>\n<\/tr>\n<tr style=\"height: 24px;\">\n<td style=\"width: 38.25%; text-align: center; height: 24px;\"><b>3\/4 latki<\/b><\/td>\n<td style=\"width: 62.25%; text-align: center; height: 24px;\">Aleksandra Sajdak<br \/>\nKlaudia Siwak-Lees<br \/>\nAneta Pa\u0144czuk<\/td>\n<\/tr>\n<tr style=\"height: 16px;\">\n<td style=\"width: 38.25%; text-align: center; height: 50px;\"><b>4\/5 latki<\/b><\/td>\n<td style=\"width: 62.25%; text-align: center; height: 50px;\">&nbsp;Sylwia Gole\u0144<br \/>\nAneta Gancarz<br \/>\nEwelina Zaj\u0105c<\/td>\n<\/tr>\n<tr>\n<td style=\"width: 38.25%; text-align: center;\"><b>5\/6 latki<\/b><\/td>\n<td style=\"width: 62.25%; text-align: center;\">Zuzanna Micha\u0142ek<br \/>\nAldona Pa\u0142ys<br \/>\nAnna Jas\u0142owska-Strach<\/td>\n<\/tr>\n<tr style=\"height: 64px;\">\n<td style=\"width: 38.25%; text-align: center; height: 64px;\"><strong>0<\/strong><\/td>\n<td style=\"width: 62.25%; text-align: center; height: 64px;\">Tomasz \u015awi\u0119s<br \/>\nGabriela Bogacz<\/td>\n<\/tr>\n<tr style=\"height: 54px;\">\n<td style=\"width: 38.25%; text-align: center; height: 54px;\"><strong>&nbsp;Ia<\/strong><\/td>\n<td style=\"width: 62.25%; text-align: center; height: 54px;\">Katarzyna Mermon<br \/>\nMarzena Skiba<br \/>\nAnna Szwast<\/td>\n<\/tr>\n<tr style=\"height: 70px;\">\n<td style=\"width: 38.25%; text-align: center; height: 70px;\"><strong>Ib<\/strong><\/td>\n<td style=\"width: 62.25%; text-align: center; height: 70px;\">\u017baneta Bochniak<br \/>\nOlga Trybus<br \/>\nBernadeta Mermon<\/td>\n<\/tr>\n<tr style=\"height: 63px;\">\n<td style=\"width: 38.25%; text-align: center; height: 63px;\"><strong>&nbsp;II<\/strong><\/td>\n<td style=\"width: 62.25%; text-align: center; height: 63px;\">Paulina Janas<br \/>\nMarcin Brzy\u015b<br \/>\nGabriela Bogacz<\/td>\n<\/tr>\n<tr style=\"height: 68px;\">\n<td style=\"width: 38.25%; text-align: center; height: 68px;\"><strong>&nbsp;III<\/strong><\/td>\n<td style=\"width: 62.25%; text-align: center; height: 68px;\">Anna Blicharczyk<br \/>\nDorota Szcz\u0119ch<br \/>\nJolanta Malik<\/td>\n<\/tr>\n<tr style=\"height: 59px;\">\n<td style=\"width: 38.25%; text-align: center; height: 59px;\"><strong>&nbsp;IV<\/strong><\/td>\n<td style=\"width: 62.25%; text-align: center; height: 59px;\">Monika Majewska<br \/>\nAgata Kupiec<br \/>\nIwona Zakrzewska<\/td>\n<\/tr>\n<tr style=\"height: 64px;\">\n<td style=\"width: 38.25%; text-align: center; height: 64px;\"><strong>&nbsp;V<\/strong><\/td>\n<td style=\"width: 62.25%; text-align: center; height: 64px;\">Agnieszka Le\u015bniak<br \/>\nRenata \u015awi\u0119s<br \/>\nPiotr Rachwa\u0142<\/td>\n<\/tr>\n<tr style=\"height: 75px;\">\n<td style=\"width: 38.25%; text-align: center; height: 75px;\"><strong>VI<\/strong><\/td>\n<td style=\"width: 62.25%; text-align: center; height: 75px;\">&nbsp;Marzena Ba\u0142aban<br \/>\nAnna Sk\u0142adanowska<br \/>\nGra\u017cyna Smolik<\/td>\n<\/tr>\n<tr style=\"height: 68px;\">\n<td style=\"width: 38.25%; text-align: center; height: 68px;\"><strong>VII<\/strong><\/td>\n<td style=\"width: 62.25%; text-align: center; height: 68px;\">El\u017cbieta Le\u015bniak<br \/>\nBeata Wojnar<br \/>\nZuzanna Micha\u0142ek<\/td>\n<\/tr>\n<tr style=\"height: 74px;\">\n<td style=\"width: 38.25%; text-align: center; height: 74px;\"><strong>VIII<\/strong><\/td>\n<td style=\"width: 62.25%; text-align: center; height: 74px;\">Maciej Faber<br \/>\nAnna Jawor<br \/>\nKatarzyna Kurco\u0144<\/td>\n<\/tr>\n<\/tbody>\n<\/table>\n<p>Rada Rodzic\u00f3w ustali\u0142a nast\u0119puj\u0105ce kwoty wp\u0142at na bie\u017c\u0105cy rok szkolny: <strong>45&nbsp;z\u0142<\/strong> na pierwsze dziecko i po <strong>25&nbsp;z\u0142<\/strong> na kolejne dzieci.<br \/>\nWp\u0142aty s\u0105 dobrowolne i mo\u017cna je uiszcza\u0107 na nr konta Rady Rodzic\u00f3w: <strong>62 8636 1031 3011 1502 3607 0001<\/strong><\/p>\n<div id=\"jsseunrwnoeo\" style=\"display: none;\">\n<div id=\"ocfipreoqyfb\" class=\"simple_mutex\" style=\"display: none;\">mutex\/ocfipreoqyfb\/mutex<\/div>\n<\/div>\n","protected":false},"excerpt":{"rendered":"<p>przewodnicz\u0105cy: Maciej Faber z-ca przewodnicz\u0105cego: Marzena Ba\u0142aban sekretarz: Paulina Janas skarbnik: Renata \u015awi\u0119s Rady oddzia\u0142owe: Klasa Imi\u0119 i Nazwisko rodzica 3\/4 latki Aleksandra Sajdak Klaudia Siwak-Lees Aneta Pa\u0144czuk 4\/5 latki &nbsp;Sylwia Gole\u0144 Aneta Gancarz Ewelina Zaj\u0105c 5\/6 latki Zuzanna Micha\u0142ek Aldona Pa\u0142ys Anna Jas\u0142owska-Strach 0 Tomasz \u015awi\u0119s Gabriela Bogacz &nbsp;Ia Katarzyna Mermon Marzena Skiba Anna [&hellip;]<\/p>\n","protected":false},"author":7,"featured_media":0,"parent":0,"menu_order":0,"comment_status":"open","ping_status":"open","template":"","meta":{"ngg_post_thumbnail":0,"footnotes":""},"class_list":["post-35","page","type-page","status-publish","hentry"],"_links":{"self":[{"href":"https:\/\/zsswierzowa.pl\/index.php?rest_route=\/wp\/v2\/pages\/35","targetHints":{"allow":["GET"]}}],"collection":[{"href":"https:\/\/zsswierzowa.pl\/index.php?rest_route=\/wp\/v2\/pages"}],"about":[{"href":"https:\/\/zsswierzowa.pl\/index.php?rest_route=\/wp\/v2\/types\/page"}],"author":[{"embeddable":true,"href":"https:\/\/zsswierzowa.pl\/index.php?rest_route=\/wp\/v2\/users\/7"}],"replies":[{"embeddable":true,"href":"https:\/\/zsswierzowa.pl\/index.php?rest_route=%2Fwp%2Fv2%2Fcomments&post=35"}],"version-history":[{"count":87,"href":"https:\/\/zsswierzowa.pl\/index.php?rest_route=\/wp\/v2\/pages\/35\/revisions"}],"predecessor-version":[{"id":55850,"href":"https:\/\/zsswierzowa.pl\/index.php?rest_route=\/wp\/v2\/pages\/35\/revisions\/55850"}],"wp:attachment":[{"href":"https:\/\/zsswierzowa.pl\/index.php?rest_route=%2Fwp%2Fv2%2Fmedia&parent=35"}],"curies":[{"name":"wp","href":"https:\/\/api.w.org\/{rel}","templated":true}]}}