{"id":27,"date":"2013-12-30T07:17:14","date_gmt":"2013-12-30T07:17:14","guid":{"rendered":"http:\/\/zsswierzowa.pl\/?page_id=27"},"modified":"2025-11-28T13:21:17","modified_gmt":"2025-11-28T12:21:17","slug":"dla-rodzicow","status":"publish","type":"page","link":"https:\/\/zsswierzowa.pl\/?page_id=27","title":{"rendered":"Dla uczni\u00f3w i rodzic\u00f3w"},"content":{"rendered":"<p style=\"text-align: center;\"><a href=\"https:\/\/zsswierzowa.pl\/wp-content\/uploads\/2025\/11\/STATUT-SP_2025.pdf\" target=\"_blank\" rel=\"noopener\">STATUT<\/a><\/p>\n<p style=\"text-align: center;\"><a href=\"https:\/\/zsswierzowa.pl\/wp-content\/uploads\/2025\/09\/Program-wychowawczo-profilaktyczny-2025-2026.pdf\">PROGRAM WYCHOWAWCZO &#8211; PROFILAKTYCZNY<\/a><\/p>\n<p style=\"text-align: center;\"><a href=\"https:\/\/zsswierzowa.pl\/wp-content\/uploads\/2024\/11\/STANDARDY-OCHRONY-MALOLETNICH-W-ZS-W-SWIERZOWEJ-POLSKIEJ.pdf\">STANDARDY OCHRONY MA\u0141OLETNICH<\/a><\/p>\n<p style=\"text-align: center;\"><a href=\"https:\/\/zsswierzowa.pl\/wp-content\/uploads\/2025\/09\/Szkolny-zestaw-podrecznikow-25-26.pdf\">SZKOLNY ZESTAW PODR\u0118CZNIK\u00d3W<\/a><\/p>\n<p style=\"text-align: center;\"><a href=\"https:\/\/zsswierzowa.pl\/wp-content\/uploads\/2013\/12\/wymagania-edukacyjne_2023.pdf\" target=\"_blank\" rel=\"noopener\">WYMAGANIA EDUKACYJNE<\/a><\/p>\n<p style=\"text-align: center;\"><a href=\"https:\/\/zsswierzowa.pl\/wp-content\/uploads\/2020\/09\/Dzwonki.pdf\" target=\"_blank\" rel=\"noopener\">CZAS TRWANIA LEKCJI<\/a><\/p>\n<p style=\"text-align: center;\"><a href=\"https:\/\/www.oke.krakow.pl\/inf\/staticpages\/index.php?page=20250822134305155\" target=\"_blank\" rel=\"noopener\">EGZAMIN \u00d3SMOKLASISTY<\/a><\/p>\n<p style=\"text-align: center;\"><a href=\"https:\/\/zsswierzowa.pl\/wp-content\/uploads\/2025\/09\/Akcje-szkolne-i-projekty-2025.pdf\" target=\"_blank\" rel=\"noopener\">AKCJE SZKOLNE I PROJEKTY<\/a><\/p>\n<p style=\"text-align: center;\"><a href=\"https:\/\/zsswierzowa.pl\/wp-content\/uploads\/2025\/09\/Konkursy-szkolne_25.pdf\" target=\"_blank\" rel=\"noopener\">KONKURSY SZKOLNE I GMINNE<\/a><\/p>\n<p style=\"text-align: center;\"><a href=\"https:\/\/zsswierzowa.pl\/wp-content\/uploads\/2025\/09\/Uroczystosci_SP_2025.pdf\" target=\"_blank\" rel=\"noopener\">UROCZYSTO\u015aCI I IMPREZY SZKOLNE<\/a><\/p>\n<p style=\"text-align: center;\"><a href=\"https:\/\/zsswierzowa.pl\/wp-content\/uploads\/2013\/12\/Gdzie-mo\u017cna-szuka\u0107-pomocy.pdf\" target=\"_blank\" rel=\"noopener\">ONI MOG\u0104 POM\u00d3C<\/a><\/p>\n<p style=\"text-align: center;\"><a href=\"https:\/\/zsswierzowa.pl\/wp-content\/uploads\/2013\/12\/Procedura-Organizowania-Pomocy-Psychologiczno-Pedagogicznej.pdf\">PROCEDURA ORGANIZOWANIA POMOCY PSYCHOLOGICZNO \u2013 PEDAGOGICZNEJ<\/a><\/p>\n<p style=\"text-align: center;\"><a href=\"https:\/\/zsswierzowa.pl\/wp-content\/uploads\/2013\/12\/STANDARDOWA-PROCEDURA-EWAKUACJI.pdf\" target=\"_blank\" rel=\"noopener\">PROCEDURA EWAKUACJI SZKO\u0141Y<\/a><\/p>\n<p style=\"text-align: center;\"><a href=\"https:\/\/zsswierzowa.pl\/wp-content\/uploads\/2013\/12\/PROCEDURY_KONTAKTY_Z-_RODZICAMI.pdf\" target=\"_blank\" rel=\"noopener\">PROCEDURY KONTAKT\u00d3W Z RODZICAMI<\/a><\/p>\n<p style=\"text-align: center;\">&nbsp;<a href=\"https:\/\/zsswierzowa.pl\/wp-content\/uploads\/2013\/12\/PROCEDURA-POST\u0118POWANIA-Z-DZIECKIEM-CHORYM-NA-CUKRZYC\u0118.pdf\" target=\"_blank\" rel=\"noopener\">PROCEDURA POST\u0118POWANIA Z DZIECKIEM CHORYM NA CUKRZYC\u0118<\/a><\/p>\n<p style=\"text-align: center;\"><a href=\"https:\/\/zsswierzowa.pl\/wp-content\/uploads\/2013\/12\/PROCEDURA_CHOROBA.pdf\" target=\"_blank\" rel=\"noopener\">PROCEDURA POST\u0118POWANIA Z DZIECKIEM PRZEWLEKLE CHORYM<\/a><\/p>\n<p style=\"text-align: center;\"><a href=\"https:\/\/zsswierzowa.pl\/wp-content\/uploads\/2013\/12\/PROCEDURA_WAGARY.pdf\" target=\"_blank\" rel=\"noopener\">PROCEDURA POST\u0118POWANIA W PRZYPADKU WAGAR\u00d3W<\/a><\/p>\n<p style=\"text-align: center;\"><a href=\"https:\/\/zsswierzowa.pl\/wp-content\/uploads\/2013\/12\/PROCEDURA_PALENIE.pdf\" target=\"_blank\" rel=\"noopener\">PROCEDURA POST\u0118POWANIA NAUCZYCIELI W PRZYPADKU PRZY\u0141APANIA UCZNIA NA PALENIU PAPIEROS\u00d3W<\/a><\/p>\n<p style=\"text-align: center;\"><a href=\"https:\/\/zsswierzowa.pl\/wp-content\/uploads\/2013\/12\/PROCEDURA_PRZEMOC.pdf\" target=\"_blank\" rel=\"noopener\">PROCEDURA POST\u0118POWANIA W PRZYPADKU PRZEMOCY LUB INNYCH NIEBEZPIECZNYCH ZACHOWA\u0143<\/a><\/p>\n<p style=\"text-align: center;\"><a href=\"https:\/\/zsswierzowa.pl\/wp-content\/uploads\/2013\/12\/PROCEDURA_ALKOHOL.pdf\" target=\"_blank\" rel=\"noopener\">PROCEDURA POST\u0118POWANIA W PRZYPADKU UZYSKANIA INFORMACJI, \u017bE UCZE\u0143 U\u017bYWA ALKOHOLU LUB INNYCH \u015aRODK\u00d3W ODURZAJ\u0104CYCH&nbsp; B\u0104D\u0179 PRZEJAWIA INNE ZACHOWANIE \u015aWIADCZ\u0104CE O DEMORALIZACJI<\/a><\/p>\n<p style=\"text-align: center;\"><a href=\"https:\/\/zsswierzowa.pl\/wp-content\/uploads\/2019\/05\/PROCEDURA_POSIADANIE_NARKOTYK\u00d3W.pdf\" target=\"_blank\" rel=\"noopener\">PROCEDURA POST\u0118POWANIA W PRZYPADKU PODEJRZENIA O POSIADANIE \u015aRODK\u00d3W PSYCHOAKTYWNYCH<\/a><\/p>\n<p style=\"text-align: center;\"><a href=\"https:\/\/zsswierzowa.pl\/wp-content\/uploads\/2013\/12\/PROCEDURA_KRADZIE\u017b.pdf\" target=\"_blank\" rel=\"noopener\">PROCEDURA POST\u0118POWANIE W PRZYPADKU, GDY UCZE\u0143 JEST PODEJRZANY O KRADZIE\u017b<\/a><\/p>\n<p style=\"text-align: center;\"><a href=\"https:\/\/zsswierzowa.pl\/wp-content\/uploads\/2013\/12\/PROCEDURA_CZYN_KARALNY.pdf\" target=\"_blank\" rel=\"noopener\">PROCEDURA POST\u0118POWANIA WOBEC UCZNIA &#8211; SPRAWCY CZYNU KARALNEGO<\/a><\/p>\n<p style=\"text-align: center;\"><a href=\"https:\/\/zsswierzowa.pl\/wp-content\/uploads\/2013\/12\/PROCEDURA_UCZE\u0143_POD_WP\u0141YWEM.pdf\" target=\"_blank\" rel=\"noopener\">PROCEDURA POST\u0118POWANIA W PRZYPADKU, GDY NAUCZYCIEL PODEJRZEWA, \u017bE NA TERENIE SZKO\u0141Y ZNAJDUJE SI\u0118 UCZE\u0143 POD WP\u0141YWEM ALKOHOLU LUB NARKOTYK\u00d3W<\/a><\/p>\n<p style=\"text-align: center;\"><a href=\"https:\/\/zsswierzowa.pl\/wp-content\/uploads\/2013\/12\/PROCEDURY-BEZPIECZE\u0143STWA-\u015aWIERZOWA.pdf\" target=\"_blank\" rel=\"noopener\">PROCEDURY BEZPIECZE\u0143STWA MAJ\u0104CE NA CELU ZAPOBIEGANIE I PRZECIWDZIA\u0141ANIE COVID-19<\/a><\/p>\n<p style=\"text-align: center;\"><a href=\"https:\/\/zsswierzowa.pl\/wp-content\/uploads\/2013\/12\/Regulamin-dziennika-elektronicznego-SP-\u015awierzowa-Polska.pdf\" target=\"_blank\" rel=\"noopener\">REGULAMIN DZIENNIKA ELEKTRONICZNEGO<\/a><\/p>\n<p style=\"text-align: center;\"><a href=\"https:\/\/zsswierzowa.pl\/wp-content\/uploads\/2013\/12\/Regulamin-przyprowadzania-i-odbierania-dziecka-z-0.pdf\" target=\"_blank\" rel=\"noopener\">REGULAMIN PRZYPROWADZANIA I ODBIERANIA DZIECKA Z ODDZIA\u0141U PRZEDSZKOLNEGO <\/a><\/p>\n<p style=\"text-align: center;\"><a href=\"https:\/\/zsswierzowa.pl\/wp-content\/uploads\/2013\/12\/Regulamin-zachowania-podczas-przerw.pdf\">REGULAMIN ZACHOWANIA PODCZAS PRZERW MI\u0118DZYLEKCYJNYCH<\/a><\/p>\n<p style=\"text-align: center;\"><a href=\"https:\/\/zsswierzowa.pl\/wp-content\/uploads\/2020\/05\/PROCEDURA-COVID-19.pdf\" target=\"_blank\" rel=\"noopener\">WEWN\u0118TRZNE PROCEDURY BEZPIECZE\u0143STWA W WARUNKACH PANDEMII COVID-19<\/a><\/p>\n<p style=\"text-align: center;\"><a href=\"https:\/\/zsswierzowa.pl\/wp-content\/uploads\/2020\/08\/WEWN\u0118TRZNE-PROCEDURY-BEZPIECZE\u0143STWA-W-WARUNKACH-PANDEMII-COVID-Oddzia\u0142-przedszkolny.pdf\" target=\"_blank\" rel=\"noopener\">WEWN\u0118TRZNE PROCEDURY BEZPIECZE\u0143STWA W WARUNKACH PANDEMII COVID-19 OBOWI\u0104ZUJ\u0104CE<br \/>\nW ODDZIALE PRZEDSZKOLNYM W ZESPOLE SZK\u00d3\u0141 W \u015aWIERZOWEJ POLSKIEJ<\/a><\/p>\n<p style=\"text-align: center;\"><a href=\"https:\/\/zsswierzowa.pl\/wp-content\/uploads\/2025\/09\/ULOTKA-DLA-RODZICOW-ZS-SWIERZOWA-2025.pdf\">UBEZPIECZENIE<\/a><\/p>\n","protected":false},"excerpt":{"rendered":"<p>STATUT PROGRAM WYCHOWAWCZO &#8211; PROFILAKTYCZNY STANDARDY OCHRONY MA\u0141OLETNICH SZKOLNY ZESTAW PODR\u0118CZNIK\u00d3W WYMAGANIA EDUKACYJNE CZAS TRWANIA LEKCJI EGZAMIN \u00d3SMOKLASISTY AKCJE SZKOLNE I PROJEKTY KONKURSY SZKOLNE I GMINNE UROCZYSTO\u015aCI I IMPREZY SZKOLNE ONI MOG\u0104 POM\u00d3C PROCEDURA ORGANIZOWANIA POMOCY PSYCHOLOGICZNO \u2013 PEDAGOGICZNEJ PROCEDURA EWAKUACJI SZKO\u0141Y PROCEDURY KONTAKT\u00d3W Z RODZICAMI &nbsp;PROCEDURA POST\u0118POWANIA Z DZIECKIEM CHORYM NA CUKRZYC\u0118 PROCEDURA POST\u0118POWANIA [&hellip;]<\/p>\n","protected":false},"author":7,"featured_media":0,"parent":0,"menu_order":0,"comment_status":"open","ping_status":"open","template":"","meta":{"ngg_post_thumbnail":0,"footnotes":""},"class_list":["post-27","page","type-page","status-publish","hentry"],"_links":{"self":[{"href":"https:\/\/zsswierzowa.pl\/index.php?rest_route=\/wp\/v2\/pages\/27","targetHints":{"allow":["GET"]}}],"collection":[{"href":"https:\/\/zsswierzowa.pl\/index.php?rest_route=\/wp\/v2\/pages"}],"about":[{"href":"https:\/\/zsswierzowa.pl\/index.php?rest_route=\/wp\/v2\/types\/page"}],"author":[{"embeddable":true,"href":"https:\/\/zsswierzowa.pl\/index.php?rest_route=\/wp\/v2\/users\/7"}],"replies":[{"embeddable":true,"href":"https:\/\/zsswierzowa.pl\/index.php?rest_route=%2Fwp%2Fv2%2Fcomments&post=27"}],"version-history":[{"count":268,"href":"https:\/\/zsswierzowa.pl\/index.php?rest_route=\/wp\/v2\/pages\/27\/revisions"}],"predecessor-version":[{"id":56650,"href":"https:\/\/zsswierzowa.pl\/index.php?rest_route=\/wp\/v2\/pages\/27\/revisions\/56650"}],"wp:attachment":[{"href":"https:\/\/zsswierzowa.pl\/index.php?rest_route=%2Fwp%2Fv2%2Fmedia&parent=27"}],"curies":[{"name":"wp","href":"https:\/\/api.w.org\/{rel}","templated":true}]}}