{"id":23,"date":"2013-12-30T07:16:06","date_gmt":"2013-12-30T07:16:06","guid":{"rendered":"http:\/\/zsswierzowa.pl\/?page_id=23"},"modified":"2024-08-21T13:15:13","modified_gmt":"2024-08-21T11:15:13","slug":"historia-szkoly","status":"publish","type":"page","link":"https:\/\/zsswierzowa.pl\/?page_id=23","title":{"rendered":"Historia szko\u0142y"},"content":{"rendered":"<p>Historia Szko\u0142y Podstawowej w \u015awierzowej Polskiej<\/p>\n<p><strong>&#8211;<\/strong> <strong>1910-1913<\/strong> &#8211; budowa obiektu szkolnego w \u015awierzowej Polskiej.<br \/>\n<strong>&#8211;<\/strong> <strong>1913 r.<\/strong> &#8211; rozpocz\u0119cie roku szkolnego w dwuklasowej Szkole Podstawowej<br \/>\nw \u015awierzowej Polskiej<strong>, Julian Hewrycz<\/strong> <strong>Stanis\u0142aw Mazur<\/strong> &#8211; tymczasowy kierownik szko\u0142y.<br \/>\n<strong>&#8211; 1914 r. &#8211; 1915 r.<\/strong> &#8211; nauka przerwana na kilka miesi\u0119cy z powodu rozpoczynaj\u0105cej si\u0119 I wojny \u015bwiatowej. Dzia\u0142ania wojenne prowadzone przez wojska: rosyjskie wynikiem, kt\u00f3rych by\u0142o wielkie zniszczenie budynku.<br \/>\n<strong>&#8211; 1916 r.<\/strong> &#8211; wznowienie nauki w wyremontowanym budynku szkolnym staraniem mieszka\u0144c\u00f3w wsi.<br \/>\n<strong>&#8211; 1917-1923 <\/strong>&#8211;<strong> Julian Hewrycz<\/strong> &#8211; kierownik szko\u0142y.<br \/>\n<strong>&#8211; 1923-1930 <\/strong>&#8211;<strong> Edward Trybus<\/strong> &#8211; kierownik szko\u0142y.<br \/>\n<strong>&#8211; 1925<\/strong> &#8211; budowa budynku gospodarczego przy szkole.<br \/>\n<strong>&#8211; 1928<\/strong> &#8211; za\u0142o\u017cenie biblioteki szkolnej przez p. C. \u015awi\u0119ch (22 ksi\u0105\u017cki).<br \/>\n<strong>&#8211; 1930-1933 <\/strong>&#8211;<strong> Cecylia \u015awi\u0119ch<\/strong> &#8211; p. o. kierownika szko\u0142y.<br \/>\n<strong>&#8211; 1931<\/strong> &#8211; remont budynku, otoczenie siatk\u0105 obej\u015bcia szkolnego.<br \/>\n<strong>&#8211; 1932<\/strong> &#8211; powstanie \u201eCzytelni Ludowej\u201d na terenie szko\u0142y &#8211; powi\u0119kszenie ksi\u0119gozbioru biblioteki.<br \/>\n<strong>&#8211; 1933-1939 <\/strong>&#8211;<strong> Sylwester \u017bo\u0142na<\/strong> &#8211; kierownik szko\u0142y.<br \/>\n<strong>&#8211; 1934 <\/strong>&#8211; zawi\u0105zanie Sp\u00f3\u0142dzielni Uczniowskiej.<br \/>\n<strong>&#8211; 1933\/1934<\/strong> &#8211; pierwsza informacja o istnieniu czterech klas w szkole: I, II, III, IV.<br \/>\n<strong>&#8211; 1938<\/strong> &#8211; do\u017cywianie najbiedniejszych dzieci w szkole przez Ko\u0142o Gospody\u0144 Wiejskich<br \/>\nw \u015awierzowej Polskiej.<br \/>\n<strong>&#8211; 1939 r.<\/strong> &#8211; pierwsza p\u00f3\u0142kolonia dla dzieci ze wsi zorganizowana przez Ko\u0142o Gospody\u0144 Wiejskich.<br \/>\n<strong>&#8211; 1939-1944 <\/strong>&#8211;<strong> Stanis\u0142aw Klatka<\/strong> &#8211; p. o. kierownika szko\u0142y.<br \/>\n<strong>&#8211; IX 1939 r.<\/strong> &#8211; zaj\u0119cie szko\u0142y przez Niemc\u00f3w, II wojna \u015bwiatowa.<br \/>\n<strong>&#8211; XI 1939 r.<\/strong> &#8211; opuszczenie szko\u0142y przez Niemc\u00f3w i wznowienie nauki.<br \/>\n<strong>&#8211; 1939 &#8211; 1944<\/strong> &#8211; kilkakrotny pobyt wojsk niemieckich w budynku szko\u0142y z trwaj\u0105c\u0105 r\u00f3wnocze\u015bnie nauk\u0105 szkoln\u0105.<br \/>\n<strong>&#8211; 1944<\/strong> &#8211; <strong>1945<\/strong> &#8211; zaj\u0119cie szko\u0142y przez wojska radzieckie do 17 I 1945 r.<br \/>\n<strong>&#8211; 1945<\/strong> &#8211; wznowienie nauki w wyremontowanym budynku szko\u0142y.<br \/>\n<strong>&#8211; 1945-1955 <\/strong>&#8211;<strong> Jan Barut<\/strong> &#8211; kierownik szko\u0142y.<br \/>\n<strong>&#8211; 1946<\/strong> &#8211; doprowadzenie gazu do budynku szkolnego.<br \/>\n<strong>&#8211; 1947\/1948<\/strong> &#8211; elektryfikacja szko\u0142y.<br \/>\n<strong>&#8211; 1948\/1949<\/strong> &#8211; zapocz\u0105tkowanie siedmioklasowej szko\u0142y podstawowej.<br \/>\n<strong>&#8211; 1952\/1953<\/strong> &#8211; rozpocz\u0119cie stara\u0144 o rozbudow\u0119 szko\u0142y.<br \/>\n<strong>&#8211; 1954<\/strong> &#8211; pocz\u0105tek rozbudowy szko\u0142y (powi\u0119kszenie o dwie kolejne sale i mieszkanie dla nauczyciela).<br \/>\n<strong>&#8211; 1955-1956 <\/strong>&#8211;<strong> Maria Petrykowska<\/strong> &#8211; kierownik szko\u0142y.<br \/>\n<strong>&#8211; 1956-1968 <\/strong>&#8211;<strong> Adam Wiewi\u00f3rski<\/strong> &#8211; kierownik szko\u0142y<br \/>\n<strong>&#8211; 1956\/1957<\/strong> &#8211; pierwsza na terenie powiatu kro\u015bnie\u0144skiego pracownia j\u0119zyka polskiego &#8211; starania p. C. \u015awi\u0119ch.<br \/>\n<strong>&#8211; 1957 r.<\/strong> &#8211; uko\u0144czenie pi\u0119tra rozbudowanej szko\u0142y.<br \/>\n<strong>&#8211; 1957 r<\/strong>. &#8211; usuni\u0119cie starego budynku gospodarczego.<br \/>\n<strong>&#8211; 1958\/1958<\/strong> &#8211; budowa nowego budynku gospodarczego.<br \/>\n<strong>&#8211; 1958 r.<\/strong> &#8211; zmiana charakteru szko\u0142y &#8211; szko\u0142a \u015bwiecka.<br \/>\n<strong>&#8211; 1958\/1959<\/strong> &#8211; zorganizowanie oddzia\u0142u przedszkolnego.<br \/>\n<strong>&#8211; 1959<\/strong> &#8211; powstanie na terenie szko\u0142y organizacji harcerskiej.<br \/>\n<strong>&#8211; 1960<\/strong> &#8211; dalsza rozbudowy szko\u0142y &#8211; (nadbudowa pi\u0119tra nad parterow\u0105 cz\u0119\u015bci\u0105 dawnego budynku szkolnego).<br \/>\n<strong>&#8211; 1960<\/strong> &#8211; powstanie w tutejszej szkole Szko\u0142y Przysposobienia Rolniczego.<br \/>\n<strong>&#8211; 1960\/1961<\/strong> &#8211; utworzenie pracowni agrobiologicznej.<br \/>\n<strong>&#8211; 1961\/1962<\/strong> &#8211; religia usuni\u0119ta ze szko\u0142y (nauka w tzw. punktach katechetycznych).<br \/>\n<strong>&#8211; 1962<\/strong> &#8211; oddanie do u\u017cytku pi\u0119tra: 3 nowe sale i 2 mniejsze pomieszczenia, instalacje: elektryczna i cz\u0119\u015bciowo gazowa i wodoci\u0105gowa, elewacja budynku, za\u0142o\u017cenie w szkole aparatu telefonicznego.<br \/>\n<strong>&#8211; 1964\/1965<\/strong> &#8211; przyznanie szkole miana szko\u0142y wiod\u0105cej w zakresie nauczania j\u0119zyka polskiego przez Wydzia\u0142 O\u015bwiaty ZNP i Powiatowy O\u015brodek Metodyczny w Kro\u015bnie. Du\u017ce uznanie dla pracy pedagoga p. Cecylii \u015awi\u0119ch.<br \/>\n<strong>&#8211; 1965<\/strong> \u2013 pierwsze praktyki s\u0142uchaczek Studium Nauczycielskiego w Kro\u015bnie.<br \/>\n<strong>&#8211; 1965<\/strong> &#8211; punkt kolonijny w budynku szko\u0142y.<br \/>\n<strong>&#8211; 1966\/1967<\/strong> &#8211; pierwszy rocznik szko\u0142y o\u015bmioklasowej.<br \/>\n<strong>&#8211; 1967<\/strong> &#8211; rozpocz\u0119cie budowy pawilonu sportowego i zaplecza kolonijnego obok budynku szko\u0142y.<br \/>\n<strong>&#8211; 1967\/1968<\/strong> &#8211; informacja o dzia\u0142aj\u0105cych na terenie szko\u0142y organizacjach: ZHP, Zuchy, Samorz\u0105d Szkolny, PCK, SKO, K\u00f3\u0142ko Rachunkowo\u015bci Sp\u00f3\u0142dzielczej.<br \/>\n<strong>&#8211; 1968-1970 &#8211; Wanda \u017bo\u0142na<\/strong> &#8211; p. o. kierownika szko\u0142y<br \/>\n<strong>&#8211; 1969<\/strong> &#8211; odwiercenie studni g\u0142\u0119binowej na podw\u00f3rku szkolnym.<br \/>\n<strong>&#8211; 1969<\/strong> &#8211; oddanie do u\u017cytku pawilonu sportowego.<br \/>\n<strong>&#8211; 1970-1985 &#8211; Marian Czaja<\/strong> &#8211; dyrektor szko\u0142y.<br \/>\n<strong>&#8211; 1970\/1971<\/strong> &#8211; przebudowa holu i magazynu sportowego w pawilonie sportowym na pomieszczenia dla przedszkola (kuchnia, jadalnia, bawialnia).<br \/>\n<strong>&#8211; 1971\/1972<\/strong> &#8211; prace remontowe i wyko\u0144czeniowe na sali gimnastycznej (odmalowanie sali gimnastycznej i stolarki, remont siatki ogrodzeniowej i bramy, zainstalowanie \u015bwiat\u0142a na poddaszu.<br \/>\n<strong>&#8211; 1972\/1973<\/strong> &#8211; wybudowanie ma\u0142ej kot\u0142owni na gaz (zainstalowanie centralnego ogrzewania w pawilonie sportowymi i w przedszkolu).<br \/>\n<strong>&#8211; 1973\/1974<\/strong> &#8211; reforma systemu edukacji narodowej; szko\u0142a \u015brednia dziesi\u0119cioletnia dla ca\u0142ej m\u0142odzie\u017cy. Kurs dziesi\u0119cioletni obejmuje nauczanie pocz\u0105tkowe (klasy I &#8211; III) i nauczanie systematyczne (klasy IV &#8211; VI &#8211; X).<br \/>\n<strong>&#8211; 1974<\/strong> &#8211; usuni\u0119cie starych pod\u0142\u00f3g w klasach na parterze i w pokoju nauczycielskim. wybetonowanie p\u0142yty i po\u0142o\u017cenie p\u0142ytek PCV.<br \/>\n<strong>&#8211; 1974\/1975<\/strong> &#8211; pierwszy rocznik oddzia\u0142u przedszkolnego &#8211; kl. \u201eO\u201d &#8211; dla sze\u015bciolatk\u00f3w w szkole.<br \/>\n<strong>&#8211; 1975<\/strong> &#8211; naprawa stropodachu na pawilonie sportowym i na werandzie mieszkania s\u0142u\u017cbowego.<br \/>\n<strong>&#8211; 1978<\/strong> &#8211; kapitalny remont o\u015bwietlenia szko\u0142y i pawilonu sportowego, wymiana stolarki okienno-drzwiowej w budynku szkolnym.<br \/>\n<strong>&#8211; 1978\/1979<\/strong> &#8211; remont mieszkania s\u0142u\u017cbowego na pi\u0119trze, adaptacja na pok\u00f3j nauczycielski i kancelari\u0119 dyrektora.<br \/>\n<strong>&#8211; 1979<\/strong> &#8211; zakup nowych piec\u00f3w gazowych do wszystkich klas i korytarzy.<br \/>\n<strong>&#8211; 1979\/1980<\/strong> &#8211; zakup sprz\u0119tu szkolnego: szafki-segmenty do klas nauczania pocz\u0105tkowego,<br \/>\n<strong>&#8211; 1981<\/strong> &#8211; wymiana pokrycia dachowego na dachu budynku szko\u0142y z eternitu na blach\u0119.<br \/>\n<strong>&#8211; 1981\/1982<\/strong> &#8211; wykonanie prac na podw\u00f3rku szkolnym: plantowanie boiska do pi\u0142ki siatkowej, wykonanie skoczni do skoku w dal i wzwy\u017c.<br \/>\n<strong>&#8211; 1982\/1983 <\/strong>&#8211; wymiana rur wodoci\u0105gowych od studni g\u0142\u0119binowej do szko\u0142y.<br \/>\n<strong>&#8211; 1983<\/strong> &#8211; Sp\u00f3\u0142dzielnia Uczniowska otrzyma\u0142a nowy kiosk do sprzeda\u017cy.<br \/>\n<strong>&#8211; 1983\/1984<\/strong> &#8211; zakup nowych \u015brodk\u00f3w dydaktycznych: telewizor czarno-bia\u0142y, projektoskop, pomoce do pracowni fizycznej, biologicznej i pracowni pracy-techniki: mikroskopy, eksponaty: gady, ptaki, szafy na pomoce, nowe krzes\u0142a i stoliki.<br \/>\n<strong>&#8211; 1982\/1983<\/strong> &#8211; prace wst\u0119pne przy budowie przewi\u0105zki.<br \/>\n<strong>&#8211; 1984<\/strong> &#8211; doprowadzenie wody do szko\u0142y z wodoci\u0105g\u00f3w Przedsi\u0119biorstwa Gospodarki Komunalnej z Krosna.<br \/>\n<strong>&#8211; 1984\/1985<\/strong> &#8211; za\u0142o\u017cenie ogr\u00f3dka geograficznego.<br \/>\n<strong>&#8211; 1985-2003 <\/strong>&#8211;<strong> Stanis\u0142awa Kasza<\/strong> &#8211; dyrektor szko\u0142y.<br \/>\n<strong>&#8211; 1985\/1986<\/strong> &#8211; przyznanie szkole dzia\u0142ki &#8211; ogrodu na boisko do gier zespo\u0142owych.<br \/>\n<strong>&#8211; 1986 &#8211; 1988<\/strong> \u2013 budowa przewi\u0105zki \u0142\u0105cz\u0105cej budynek szkolny z pawilonem sportowym.<br \/>\n<strong>&#8211; 1988<\/strong> &#8211; modernizacja budynku gospodarczego na kot\u0142owni\u0119.<br \/>\n<strong>&#8211; 1990\/1991<\/strong> &#8211; powr\u00f3t nauki religii do szk\u00f3\u0142.<br \/>\n<strong>&#8211; 1995\/1996<\/strong> &#8211; pierwsza informacja o k\u00f3\u0142ku komputerowym w szkole (5 stanowisk).<br \/>\n<strong>&#8211; 1996\/1997<\/strong> &#8211; wydanie pierwszej gazetki szkolnej \u201eWywiewy\u201d przez Samorz\u0105d Uczniowski.<br \/>\n<strong>&#8211; 1997<\/strong> &#8211; Ojciec \u015awi\u0119ty Jan Pawe\u0142 II go\u015bci\u0142 na Podkarpaciu w Kro\u015bnie i w Dukli. Aktywne uczestnictwo nauczycieli i m\u0142odzie\u017cy szkolnej w przygotowaniach do wizyty (dekorowanie ulic \u015awierzowa Polska &#8211; Krosno).<br \/>\n<strong>&#8211; 1997\/1998<\/strong> &#8211; \u201eElementy informatyki\u201d &#8211; innowacja w dziedzinie dydaktyki &#8211; wprowadzono po raz pierwszy w historii szko\u0142y 2 godziny informatyki.<br \/>\n<strong>&#8211; 1998\/1999<\/strong> &#8211; przyznanie szkole pracowni internetowej przez Zarz\u0105d Gminy.<br \/>\n<strong>&#8211; 1998\/1999<\/strong> &#8211; ogrodzenie boiska szkolnego.<br \/>\n<strong>&#8211; 1998\/1999<\/strong> &#8211; nowa forma egzamin\u00f3w wst\u0119pnych dla uczni\u00f3w klas VIII nazwana Badaniem Kompetencji Ucznia przeprowadzana w macierzystej szkole.<br \/>\n<strong>&#8211; 1999\/2000<\/strong> &#8211; pierwszy rocznik sze\u015bcioletniej szko\u0142y podstawowej, adaptacja pomieszcze\u0144 na parterze dla Gimnazjum w \u015awierzowej Polskiej, tymczasowe funkcjonowanie w budynku szko\u0142y gimnazjum i szko\u0142y podstawowej.<br \/>\n<strong>&#8211; 2001\/2002<\/strong> &#8211; przeniesienie gimnazjum do nowego budynku.<br \/>\n<strong>&#8211; 2003-2005 &#8211; Ma\u0142gorzata Pelczar<\/strong> \u2013 dyrektor szko\u0142y.<br \/>\n<strong>&#8211; 2004\/2005<\/strong> &#8211; przeniesienie przedszkola i adaptacja pomieszcze\u0144 szkolnych na dwa oddzia\u0142y przedszkolne i zaplecze kuchenne. Przystosowanie pomieszcze\u0144 dawnego przedszkola na sal\u0119 do zaj\u0119\u0107 gimnastyki korekcyjnej.<br \/>\n<strong>&#8211; 2005<\/strong> &#8211; utworzenie Zespo\u0142u Szk\u00f3\u0142 w \u015awierzowej Polskiej, w sk\u0142ad kt\u00f3rego wesz\u0142y Szko\u0142a Podstawowa i Samorz\u0105dowe Przedszkole.<br \/>\n<strong>&#8211; 2005&nbsp;<\/strong>&#8211;<strong> Ma\u0142gorzata Pelczar<\/strong> &#8211; dyrektor Zespo\u0142u Szk\u00f3\u0142 w \u015awierzowej Polskiej.<br \/>\n<strong>&#8211; 2005\/2006<\/strong> &#8211; remont sal lekcyjnych na pi\u0119trze szko\u0142y, w wyniku kt\u00f3rego uzyskano dodatkow\u0105 klasopracowni\u0119 kszta\u0142cenia zintegrowanego.<br \/>\n<strong>&#8211; 2006<\/strong> &#8211; remont parkingu; po\u0142o\u017cenie kr\u0119g\u00f3w betonowych na \u0142uku wzd\u0142u\u017c ogrodzenia szko\u0142y.<br \/>\n<strong>&#8211; 2006\/2007<\/strong> &#8211; wymiana instalacji elektrycznej w pracowni komputerowej. Wymiana mebli, \u0142awek, krzese\u0142ek w ka\u017cdej klasopracowni.<br \/>\n<strong>&#8211; 2007\/2008<\/strong> &#8211; wymiana okien w sali gimnastycznej, odmalowanie sali i wymiana o\u015bwietlenia.<br \/>\n<strong>&#8211; 2008<\/strong> &#8211; po\u0142o\u017cenie nawierzchni asfaltowej na parkingu. Wymiana parkietu w sali gimnastycznej na nawierzchni\u0119 z poliestru.<br \/>\n<strong>&#8211; 2009<\/strong> &#8211; wykonanie nowej elewacji na budynku szkolnym i na pawilonie sportowym. Wykonanie przed\u0142u\u017cenia dachu na budynku szko\u0142y, wymiana cz\u0119\u015bci okien.<br \/>\n<strong>&#8211; 2010<\/strong> &#8211; oddanie do u\u017cytku sanitariat\u00f3w i szatni przy bloku sportowym.<br \/>\n<strong>&#8211; 2011<\/strong> &#8211; remont szatni, zakupienie 160 szafek indywidualnych dla klas III-VI<strong>; <\/strong>odmalowanie kuchni i zaplecza kuchennego w przedszkolu.<br \/>\n<strong>&#8211; 2012<\/strong> &#8211; cyklinowanie i odmalowanie parkiet\u00f3w w dw\u00f3ch salach<strong>, <\/strong>remont korytarzy na parterze, malowanie i po\u0142o\u017cenie tynku mozaikowego.<br \/>\n<strong>&#8211; 2013<\/strong> &#8211; remont korytarzy na pi\u0119trze, malowanie i po\u0142o\u017cenie tynku mozaikowego<strong>, <\/strong>wymiana drzwi do klasopracowni i sanitariat\u00f3w na pi\u0119trze<strong>, <\/strong>wymiana&nbsp; 6 okien<strong>, <\/strong>odmalowanie kompleksu sportowego.<br \/>\n<strong>&#8211; 2014<\/strong> &#8211; wymiana 4 okien<strong>, <\/strong>cyklinowanie i odmalowanie parkiet\u00f3w w trzech salach<strong>, <\/strong>wymalowanie dw\u00f3ch sal<strong>, <\/strong>wymalowanie lamperii w czterech salach.<br \/>\n<strong>&#8211; 2015<\/strong> &#8211; odmalowanie dw\u00f3ch szatni przy obiekcie sportowym i trzech lamperii w klasach<strong>, <\/strong>remont biblioteki i czytelni &#8211; cyklinowanie i malowanie parkietu, odmalowanie \u015bcian i lamperii, zakup 14 rega\u0142\u00f3w na ksi\u0105\u017cki<strong>, <\/strong>wymiana kot\u0142\u00f3w centralnego ogrzewania.<br \/>\n<strong>&#8211; 2016<\/strong> &#8211; malowanie kot\u0142owni i pomieszcze\u0144 magazynowych<strong>, <\/strong>malowanie dachu na budynku gospodarczym, kot\u0142owni i sali gimnastycznej<strong>, <\/strong>monta\u017c monitoringu.<br \/>\n<strong>&#8211; 2017<\/strong> &#8211; odmalowanie korytarza przy sali gimnastycznej<strong>, <\/strong>malowanie trzech klasopracowni.<br \/>\n<strong>&#8211; 2018<\/strong> &#8211; przej\u0119cie dotychczasowego budynku gimnazjum. Szko\u0142a rozpoczyna prac\u0119 w dw\u00f3ch budynkach A i B.<br \/>\n<strong>&#8211; 2018 <\/strong>&#8211;<strong> Piotr W\u0119grzyn<\/strong> &#8211; wicedyrektor Zespo\u0142u Szk\u00f3\u0142 w \u015awierzowej Polskiej.<br \/>\n<strong>&#8211; 2018<\/strong> &#8211; wymiana okien i remont kuchni w budynku A<strong>, <\/strong>przeniesienie cz\u0119\u015bci wyposa\u017cenia kuchni z budynku B do kuchni w budynku A<strong>, <\/strong>adaptacja sali przedszkolnej na sto\u0142\u00f3wk\u0119 szkoln\u0105 w budynku A<strong>, <\/strong>monta\u017c wyk\u0142adziny antypo\u015blizgowej w dw\u00f3ch salach lekcyjnych<strong>, <\/strong>odmalowanie dw\u00f3ch sal przedszkolnych<strong>, <\/strong>remont szatni przedszkolnej &#8211; monta\u017c szafek, odmalowanie lamperii.<br \/>\n<strong>&#8211; 2018<\/strong> &#8211; odmalowanie i udekorowanie korytarzy w budynku B<strong>, <\/strong>odmalowanie \u015bwietlicy i pomieszczenia gospodarczego w budynku B.<br \/>\n<strong>&#8211; 2019<\/strong> &#8211; nadanie Szkole Podstawowej im. Ignacego \u0141ukasiewicza, po\u015bwiecenie sztandaru szko\u0142y, przeniesienie siedziby Zespo\u0142u Szk\u00f3\u0142 do budynku B przy ul. Szkolnej 31 &#8211; zarz\u0105dc\u0105 budynku A przy Szkolnej 50 zostaje dyrekcja \u017c\u0142obka, malowanie gabinetu dyrektora i sekretariatu, adaptacja zaplecza sekretariatu na gabinet wicedyrektora, przeniesienie kuchni i sto\u0142\u00f3wki do budynku B, ods\u0142oni\u0119cie tablicy pami\u0105tkowej i po\u015bwi\u0119cenie obelisku przy budynku A upami\u0119tniaj\u0105cego 600-lecie \u015awierzowej Polskiej.<br \/>\n<strong>&#8211; 2020<\/strong> &#8211; uroczyste obchody Dnia Patrona w Szkole Podstawowej, przej\u015bcie na nauczanie zdalne i hybrydowe zwi\u0105zane z pandemi\u0105.<br \/>\n<strong>&#8211; 2021<\/strong> &#8211; <strong>Ma\u0142gorzata Fr\u0105czek<\/strong> &#8211; dyrektor Zespo\u0142u Szk\u00f3\u0142 w \u015awierzowej Polskiej, powr\u00f3t do nauki stacjonarnej.<br \/>\n<strong>&#8211; 2022<\/strong> &#8211; remont gabinetu dyrektora i sekretariatu, adaptacja pomieszczenia gospodarczego na gabinet pedagoga szkolnego, malowanie ogrodzenia szko\u0142y, wyznaczenie miejsca parkingowego dla os\u00f3b niepe\u0142nosprawnych, malowanie korytarzy i sto\u0142\u00f3wki szkolnej.<br \/>\n<strong>&#8211; 2023<\/strong> &#8211; instalacja klimatyzacji w salach na poddaszu oraz w pokoju nauczycielskim oraz w dw\u00f3ch salach przedszkola, monta\u017c instalacji fotowoltaicznej na dachu hali sportowej, plenerowe szachy, kr\u0119gielnia i mini park linowy przy sali gimnastycznej.<\/p>\n","protected":false},"excerpt":{"rendered":"<p>Historia Szko\u0142y Podstawowej w \u015awierzowej Polskiej &#8211; 1910-1913 &#8211; budowa obiektu szkolnego w \u015awierzowej Polskiej. &#8211; 1913 r. &#8211; rozpocz\u0119cie roku szkolnego w dwuklasowej Szkole Podstawowej w \u015awierzowej Polskiej, Julian Hewrycz Stanis\u0142aw Mazur &#8211; tymczasowy kierownik szko\u0142y. &#8211; 1914 r. &#8211; 1915 r. &#8211; nauka przerwana na kilka miesi\u0119cy z powodu rozpoczynaj\u0105cej si\u0119 I wojny [&hellip;]<\/p>\n","protected":false},"author":7,"featured_media":0,"parent":0,"menu_order":0,"comment_status":"open","ping_status":"open","template":"","meta":{"ngg_post_thumbnail":0,"footnotes":""},"class_list":["post-23","page","type-page","status-publish","hentry"],"_links":{"self":[{"href":"https:\/\/zsswierzowa.pl\/index.php?rest_route=\/wp\/v2\/pages\/23","targetHints":{"allow":["GET"]}}],"collection":[{"href":"https:\/\/zsswierzowa.pl\/index.php?rest_route=\/wp\/v2\/pages"}],"about":[{"href":"https:\/\/zsswierzowa.pl\/index.php?rest_route=\/wp\/v2\/types\/page"}],"author":[{"embeddable":true,"href":"https:\/\/zsswierzowa.pl\/index.php?rest_route=\/wp\/v2\/users\/7"}],"replies":[{"embeddable":true,"href":"https:\/\/zsswierzowa.pl\/index.php?rest_route=%2Fwp%2Fv2%2Fcomments&post=23"}],"version-history":[{"count":32,"href":"https:\/\/zsswierzowa.pl\/index.php?rest_route=\/wp\/v2\/pages\/23\/revisions"}],"predecessor-version":[{"id":50710,"href":"https:\/\/zsswierzowa.pl\/index.php?rest_route=\/wp\/v2\/pages\/23\/revisions\/50710"}],"wp:attachment":[{"href":"https:\/\/zsswierzowa.pl\/index.php?rest_route=%2Fwp%2Fv2%2Fmedia&parent=23"}],"curies":[{"name":"wp","href":"https:\/\/api.w.org\/{rel}","templated":true}]}}