{"id":219,"date":"2014-01-28T07:17:14","date_gmt":"2014-01-28T07:17:14","guid":{"rendered":"http:\/\/zsswierzowa.pl\/?page_id=219"},"modified":"2025-09-02T10:25:34","modified_gmt":"2025-09-02T08:25:34","slug":"dla-rodzicow-przedszkole","status":"publish","type":"page","link":"https:\/\/zsswierzowa.pl\/?page_id=219","title":{"rendered":"Dla rodzic\u00f3w"},"content":{"rendered":"<p style=\"text-align: center;\"><a href=\"https:\/\/zsswierzowa.pl\/wp-content\/uploads\/2014\/01\/Koncepcja-pracy-przedszkola-1.pdf\">KONCEPCJA PRACY PRZEDSZKOLA<\/a><\/p>\n<p style=\"text-align: center;\"><a href=\"https:\/\/zsswierzowa.pl\/wp-content\/uploads\/2014\/01\/STATUT-przedszkola-2022-2.pdf\">STATUT SAMORZ\u0104DOWEGO PRZEDSZKOLA<\/a><\/p>\n<p style=\"text-align: center;\"><a href=\"https:\/\/zsswierzowa.pl\/wp-content\/uploads\/2025\/09\/PRZEDSZKOLNY-ZESTAW-PODRECZNIKOW.pdf\">PRZEDSZKOLNY ZESTAW PODR\u0118CZNIK\u00d3W<\/a><\/p>\n<p style=\"text-align: center;\"><a href=\"https:\/\/zsswierzowa.pl\/wp-content\/uploads\/2025\/09\/Akcje-przedszkolne.pdf\">AKCJE ORGANIZOWANE W PRZEDSZKOLU<\/a><\/p>\n<p style=\"text-align: center;\"><a href=\"https:\/\/zsswierzowa.pl\/wp-content\/uploads\/2025\/09\/PRZEDSZKOLNY-KALENDARZ-IMPREZ.pdf\">KALENDARZ IMPREZ I UROCZYSTO\u015aCI<\/a><\/p>\n<p style=\"text-align: center;\"><a href=\"https:\/\/zsswierzowa.pl\/wp-content\/uploads\/2025\/09\/Konkursy-przedszkolne.pdf\">HARMONOGRAM KONKURS\u00d3W<\/a><\/p>\n<p style=\"text-align: center;\"><a href=\"https:\/\/zsswierzowa.pl\/wp-content\/uploads\/2013\/12\/ULOTKA-DLA-RODZIC%C3%93W-%C5%9AWIERZOWA-2024.pdf\">UBEZPIECZENI<\/a>E<\/p>\n<p style=\"text-align: center;\"><a href=\"https:\/\/zsswierzowa.pl\/wp-content\/uploads\/2013\/12\/STANDARDY-OCHRONY-MA\u0141OLETNICH-W-ZS-W-\u015aWIERZOWEJ-POLSKIEJ.pdf\">STANDARDY OCHRONY MA\u0141OLETNICH<\/a><\/p>\n<p style=\"text-align: center;\"><a href=\"https:\/\/zsswierzowa.pl\/wp-content\/uploads\/2013\/12\/Procedury-Organizowania-Pomocy-Psychologiczno-Pedagogicznej.pdf\">PROCEDURA ORGANIZOWANIA POMOCY PSYCHOLOGICZNO \u2013 PEDAGOGICZNEJ<\/a><\/p>\n<p style=\"text-align: center;\"><a href=\"https:\/\/zsswierzowa.pl\/wp-content\/uploads\/2014\/01\/procedury-przedszkole-1.pdf\" target=\"_blank\" rel=\"noopener\">WEWN\u0118TRZNE PROCEDURY BEZPIECZE\u0143STWA W WARUNKACH PANDEMII COVID-19 OBOWI\u0104ZUJ\u0104CE<br \/>\nW SAMORZ\u0104DOWYM PRZEDSZKOLU W \u015aWIERZOWEJ POLSKIEJ OD 01 WRZE\u015aNIA 2020 ROKU<\/a><\/p>\n","protected":false},"excerpt":{"rendered":"<p>KONCEPCJA PRACY PRZEDSZKOLA STATUT SAMORZ\u0104DOWEGO PRZEDSZKOLA PRZEDSZKOLNY ZESTAW PODR\u0118CZNIK\u00d3W AKCJE ORGANIZOWANE W PRZEDSZKOLU KALENDARZ IMPREZ I UROCZYSTO\u015aCI HARMONOGRAM KONKURS\u00d3W UBEZPIECZENIE STANDARDY OCHRONY MA\u0141OLETNICH PROCEDURA ORGANIZOWANIA POMOCY PSYCHOLOGICZNO \u2013 PEDAGOGICZNEJ WEWN\u0118TRZNE PROCEDURY BEZPIECZE\u0143STWA W WARUNKACH PANDEMII COVID-19 OBOWI\u0104ZUJ\u0104CE W SAMORZ\u0104DOWYM PRZEDSZKOLU W \u015aWIERZOWEJ POLSKIEJ OD 01 WRZE\u015aNIA 2020 ROKU<\/p>\n","protected":false},"author":7,"featured_media":0,"parent":0,"menu_order":0,"comment_status":"open","ping_status":"open","template":"","meta":{"ngg_post_thumbnail":0,"footnotes":""},"class_list":["post-219","page","type-page","status-publish","hentry"],"_links":{"self":[{"href":"https:\/\/zsswierzowa.pl\/index.php?rest_route=\/wp\/v2\/pages\/219","targetHints":{"allow":["GET"]}}],"collection":[{"href":"https:\/\/zsswierzowa.pl\/index.php?rest_route=\/wp\/v2\/pages"}],"about":[{"href":"https:\/\/zsswierzowa.pl\/index.php?rest_route=\/wp\/v2\/types\/page"}],"author":[{"embeddable":true,"href":"https:\/\/zsswierzowa.pl\/index.php?rest_route=\/wp\/v2\/users\/7"}],"replies":[{"embeddable":true,"href":"https:\/\/zsswierzowa.pl\/index.php?rest_route=%2Fwp%2Fv2%2Fcomments&post=219"}],"version-history":[{"count":152,"href":"https:\/\/zsswierzowa.pl\/index.php?rest_route=\/wp\/v2\/pages\/219\/revisions"}],"predecessor-version":[{"id":55512,"href":"https:\/\/zsswierzowa.pl\/index.php?rest_route=\/wp\/v2\/pages\/219\/revisions\/55512"}],"wp:attachment":[{"href":"https:\/\/zsswierzowa.pl\/index.php?rest_route=%2Fwp%2Fv2%2Fmedia&parent=219"}],"curies":[{"name":"wp","href":"https:\/\/api.w.org\/{rel}","templated":true}]}}